4 = 4*f. Let c = -245 + 253. Calculate the highest common divisor of l and c.
8
Let j = 196 + -86. Let t(x) = -x**3 - 3*x**2 + 5*x + 4. Let b be t(-4). Suppose -132 = -3*z - b*z. Calculate the greatest common divisor of j and z.
22
Let j = 314 + -166. What is the highest common divisor of j and 185?
37
Suppose -410 = -6*u - 50. Calculate the highest common factor of 96 and u.
12
Let y(p) = 31*p + 1. Let c be y(9). Suppose 4*t - 548 = -4*q, -q - q + c = 5*t. What is the highest common divisor of q and 54?
27
Let l(a) = a**2 + 11*a - 2. Let k be l(-11). Let d = 2 - k. Calculate the greatest common factor of d and 4.
4
Let l(s) = 2*s - 20. Let x be l(21). What is the highest common divisor of 242 and x?
22
Suppose 0 = -3*l + c - 4*c + 42, l - 3*c = 34. What is the highest common divisor of 19 and l?
19
Suppose 318 = 2*z - 4*l, -5*z + 10*z - 777 = 4*l. What is the highest common factor of 36 and z?
9
Suppose -8*y + 15*y = 28. Suppose 5*b - 16 = -x, 0*b - 4*b = y*x. Let t be -1*3*-1 - 1. Calculate the highest common divisor of b and t.
2
Suppose 0 = -4*x - 2*k + 422, 4*x + 10*k - 431 = 5*k. What is the greatest common divisor of x and 91?
13
Suppose 2*a = 360 - 12. Suppose -6*h - a = -438. What is the greatest common factor of 33 and h?
11
Suppose 112 = 2*n - 14. Let k = n - 28. Calculate the greatest common factor of k and 14.
7
Let j be (-2)/(-5) - 18/(-5). Suppose y + 7 = 2*y + 2*g, -4*y = -j*g - 52. Let b = y - 6. What is the highest common divisor of 1 and b?
1
Let d = 50 + -23. Suppose 5*t - 3*t = -2*s - 2, 3*s + d = 3*t. Let g be s/((-15)/(-9)) + 93. What is the highest common divisor of g and 10?
10
Let x be (36/15)/(2/5). Suppose 0 = -x*k + 4 + 8. Suppose 4*f + h - 8 = 8, -2*f + 5*h - 14 = 0. What is the highest common factor of f and k?
1
Suppose 81*u - 3353 - 49 = 0. Calculate the highest common divisor of u and 742.
14
Let p(o) = -9*o - 93. Let n be p(-11). What is the greatest common factor of n and 21?
3
Suppose -y + 56 = 3*y - 4*w, w = -3*y + 34. Let v(x) = -x**3 + 4*x**2 - 3*x + 4. Let r be v(3). What is the greatest common factor of r and y?
4
Let i(l) = 104*l - 412. Let m be i(8). What is the greatest common factor of m and 24?
12
Suppose 35 + 10 = 5*c. Let x = -4 - -6. Let n be (15/(-6) - -3)*x. What is the greatest common divisor of c and n?
1
Suppose 4*t = 1 + 3. Let s(j) = -j**3 - 7*j**2 - 4*j + 12. Let r be s(-5). Let g be ((-4)/r)/(t/9). Calculate the highest common factor of g and 4.
2
Let z be (-4)/3 + (-516)/18. Let l = 33 + z. Suppose 0 = l*p + 2*r - 16, -2*p = p - 4*r - 4. What is the highest common factor of 2 and p?
2
Suppose 103 + 106 = 11*n. Calculate the greatest common divisor of 171 and n.
19
Let u be (4/(-10))/((-1)/245). Suppose -37*l + 447 = -34*l - x, -4*x - 612 = -4*l. Calculate the greatest common divisor of u and l.
49
Let w(o) = o**2 - 27*o + 123. Let r be w(24). Let p = 27 + -10. What is the greatest common factor of r and p?
17
Let m = 1704 - 1616. Calculate the greatest common divisor of m and 748.
44
Let t(j) = 11*j + 12. Suppose 3*z + 2*a = 0, 0*a = -z + 3*a. Let s be t(z). What is the highest common divisor of 24 and s?
12
Let c(a) = 31*a - 5. Let n be c(11). Suppose -10*k = -3*k - n. Let v be (25/(-15))/(2/(-144)). What is the highest common divisor of v and k?
24
Let w = -405 - -468. Calculate the greatest common factor of 63 and w.
63
Let y(k) = -38*k - 156. Let n be y(-6). Calculate the highest common divisor of 792 and n.
72
Suppose -2*z = z - 12. Suppose -z*w = -5*w + 18. What is the highest common factor of 18 and w?
18
Let w(z) = 7*z + 26. Let a be w(6). Let t = 288 - a. Calculate the greatest common factor of 20 and t.
20
Let n(o) = 3*o + 3. Let c be (-3)/((1 - -1)/(-2)). Let l be n(c). Let p be ((-81)/(-15) - 3)/(14/280). Calculate the greatest common factor of p and l.
12
Suppose -2 + 18 = 4*z. Suppose z*j - 10 = -j. Suppose j*m - 7 = 1, 0 = v - 5*m - 44. What is the highest common factor of 16 and v?
16
Let i = -12 + 26. Let f(n) = 21*n. Suppose -u = -3*z + 2, 5*z = 3*z - 3*u + 16. Let b be f(z). Calculate the highest common factor of i and b.
14
Let o be (-4 + 4 + 0)/(2 - 3). Suppose -2*y + 135 = -5*u, y - u + 3*u - 54 = o. Calculate the highest common divisor of 20 and y.
20
Let a = 756 - 156. Suppose a = 4*b + 16*b. Calculate the highest common divisor of 330 and b.
30
Let s = -48 + 48. Suppose -n = -s*n - 2*k - 14, n - 3*k = 14. What is the highest common divisor of n and 70?
14
Let r(c) = -c**3 + 6*c**2 - 7*c. Let s be r(4). Suppose -125 = -s*q + 43. Calculate the highest common factor of q and 84.
42
Let u(c) = 3*c**2 - 37*c - 3. Let q be u(15). Suppose 23 + q = 7*z. Calculate the greatest common factor of 10 and z.
10
Let g(c) = 60*c**2 + 2 + 3 - 1 - 3 + 5*c. Let d be g(-2). Calculate the highest common factor of 21 and d.
21
Let a(k) = 2 + 32*k**3 - 33*k**3 + 7 + 3 + 20*k**2 - 19*k. Let m be a(19). What is the greatest common divisor of 60 and m?
12
Let j be 10/6*(-778392)/(-760). What is the greatest common divisor of 3 and j?
3
Suppose -72 = 2*z + 8. Let a be 9/18*(-2 - z). Let c = -117 - -250. Calculate the greatest common factor of c and a.
19
Let g = 3 - 1. Suppose -q - g*q - 147 = 0. Let x = q - -148. Calculate the highest common divisor of x and 9.
9
Let r = 133 - 69. Suppose 0 = -3*t - 5*o + r, 4*t + 40 = -o + 148. Let l = 0 + t. Calculate the greatest common divisor of l and 42.
14
Suppose -5*o = 5*l - 175, l - 27 = o - 2. Suppose -4*q + 2*p = -l, 5*q - 11 = 3*p + 24. Suppose -3*h + q = 2*h. What is the greatest common factor of 6 and h?
2
Suppose -4*j = x - 59, -3*j + 2*x + 0*x + 47 = 0. Let g be 1/(j/12)*525/10. What is the greatest common factor of g and 63?
21
Suppose 0 = 6*g - 17 + 5. Let i(n) = n. Let c be i(g). Suppose 1 = 3*z - 2*l - 4, -z + l + 2 = 0. What is the greatest common divisor of c and z?
1
Let n be 3/9 - (-3876)/9. Suppose -569 = -4*h + n. Calculate the greatest common factor of h and 10.
10
Let c(w) be the first derivative of -2*w**2 + 11*w - 9. Let p be c(-4). Calculate the greatest common factor of p and 189.
27
Let k(o) = 31*o**3 + o**2 - o - 1. Let l be k(1). Calculate the highest common factor of 510 and l.
30
Let u(t) = t**2 + 9*t - 8. Let f be u(-10). Suppose -15 = -y + 2*g, -6*g + 20 = f*y - 5*g. What is the highest common divisor of y and 11?
11
Let t = 2900 - 2897. Let j = 2 + 0. What is the greatest common divisor of j and t?
1
Let m(g) = 2*g + 13. Let n be m(-5). Suppose -u + a - n*a + 6 = 0, u + 5*a = 9. Calculate the highest common divisor of u and 1.
1
Suppose 3*u + 4*v = -0*u - 73, -2*u - 30 = -2*v. Let l = -25 - u. Let g be 16 - (l + 4) - 0. Calculate the greatest common factor of g and 27.
9
Suppose 0 = 36*b - 40*b + 12. What is the highest common factor of b and 27?
3
Let v = -123 + 207. Suppose -2*o - 12 = -3*o. Calculate the highest common factor of o and v.
12
Let s(q) = 339*q - 6. Let j be s(2). Calculate the greatest common factor of 48 and j.
48
Let y(h) = 4*h**2 + h - 1. Let q be y(1). Suppose q*b - 162 = 54. Let i = b - 28. Calculate the highest common factor of 65 and i.
13
Suppose -4*s + 42 - 18 = 0. Let y(p) = -p**3 + 5*p**2 + 8*p + 2. Let f be y(s). Calculate the highest common factor of f and 35.
7
Suppose -2*y + u = -45, -5*y = 5*u - 136 - 14. Calculate the highest common factor of 5 and y.
5
Suppose -4575 + 1515 = -4*i - 5*n, n + 765 = i. What is the greatest common factor of i and 85?
85
Suppose 4*d - 4*x = 408, 0 = -8*x + 4*x + 4. Let g = -83 + d. What is the greatest common divisor of 10 and g?
10
Suppose -202*w = -196*w - 702. Let x = 13 + -4. What is the highest common divisor of x and w?
9
Suppose 19 = h + 12. Let k(g) = -2*g + 16. Let l be k(h). Let i be (-3)/(-2 - l/(-2)). What is the highest common factor of 1 and i?
1
Let l(g) = g**3 + 11*g**2 - 6*g + 5. Let c be l(-10). Suppose b + 16 = 49. Calculate the greatest common divisor of c and b.
33
Let w = -193 - -199. What is the greatest common divisor of 60 and w?
6
Let i(z) = 4*z**2 + z. Let m be i(-1). Let r = -349 + 376. What is the highest common divisor of r and m?
3
Let d(j) = -j**3 - 5*j**2. Let x be d(-6). Let n be (5/3)/((-2)/(-192)). Let f be (-4)/(-6) + n/3. What is the highest common divisor of f and x?
18
Let h(u) = 4*u**2. Let w be h(-1). L